 common divisor of 9724 and 340.
68
What is the greatest common factor of 575135 and 55?
55
Calculate the highest common divisor of 31502 and 2318.
38
What is the highest common divisor of 1624 and 58744?
56
Calculate the highest common divisor of 128961 and 27531.
1449
What is the greatest common divisor of 276 and 569572?
92
Calculate the greatest common factor of 1140 and 2400.
60
Calculate the highest common divisor of 59608 and 32.
8
What is the highest common factor of 6 and 2454?
6
Calculate the highest common divisor of 710 and 5120.
10
Calculate the greatest common factor of 123820 and 4510.
410
Calculate the highest common divisor of 615 and 2706.
123
What is the highest common factor of 24682 and 172?
86
Calculate the highest common factor of 304250 and 20.
10
What is the greatest common divisor of 45 and 4041?
9
What is the greatest common divisor of 460004 and 36?
4
Calculate the highest common divisor of 585939 and 6.
3
What is the greatest common factor of 781 and 2893?
11
Calculate the highest common divisor of 96651 and 1233.
9
What is the greatest common factor of 64713 and 264?
33
What is the greatest common divisor of 126835 and 5?
5
What is the highest common divisor of 362 and 974142?
362
Calculate the greatest common divisor of 31 and 1490294.
31
What is the highest common factor of 1399350 and 6874?
982
Calculate the greatest common factor of 5380760 and 840.
280
What is the highest common divisor of 662720 and 95?
95
What is the highest common divisor of 16016 and 16?
16
Calculate the highest common factor of 18886 and 95.
19
Calculate the highest common factor of 615 and 30.
15
Calculate the greatest common factor of 93950 and 50.
50
Calculate the greatest common factor of 91 and 108277.
13
What is the greatest common factor of 728 and 26624?
104
Calculate the highest common factor of 4000 and 8770.
10
What is the highest common factor of 336784 and 1085?
217
Calculate the greatest common divisor of 18081 and 801.
9
Calculate the highest common factor of 25060 and 340.
20
Calculate the highest common divisor of 98304 and 1344.
192
Calculate the highest common divisor of 4 and 4322.
2
What is the highest common divisor of 350388 and 124?
4
What is the greatest common factor of 868 and 1151836?
868
What is the greatest common factor of 170394 and 42?
42
Calculate the greatest common factor of 664 and 287512.
664
What is the highest common factor of 1625578 and 62?
62
What is the highest common factor of 93 and 1141761?
93
What is the highest common divisor of 1759257 and 282?
141
What is the greatest common divisor of 3927 and 63921?
33
Calculate the highest common factor of 77196 and 42.
42
Calculate the greatest common factor of 494 and 268229.
13
What is the highest common factor of 3198 and 13038?
246
What is the greatest common factor of 322192 and 247?
13
Calculate the highest common divisor of 68 and 357136.
68
Calculate the greatest common factor of 1250 and 11270.
10
What is the highest common factor of 16897 and 1037?
61
What is the greatest common factor of 45 and 52815?
15
Calculate the highest common factor of 192 and 17510400.
192
What is the greatest common factor of 31675 and 243445?
905
What is the highest common divisor of 6643 and 1183?
91
What is the highest common divisor of 310 and 55?
5
Calculate the highest common factor of 135 and 671865.
15
Calculate the greatest common factor of 1 and 2053.
1
What is the highest common divisor of 179542 and 143?
11
What is the greatest common factor of 160493 and 38?
19
Calculate the greatest common divisor of 165483 and 1566.
27
What is the greatest common divisor of 118576 and 16?
16
What is the greatest common factor of 42 and 296086?
14
What is the highest common divisor of 987 and 910343?
329
Calculate the highest common divisor of 263175 and 1450.
725
Calculate the highest common factor of 19474 and 3276.
182
Calculate the highest common factor of 2243450 and 1100.
550
Calculate the highest common factor of 744011 and 659.
659
What is the highest common divisor of 26152 and 28?
28
What is the greatest common divisor of 798 and 19474?
14
What is the highest common divisor of 252 and 49812?
84
Calculate the highest common divisor of 17936 and 14915.
19
Calculate the highest common divisor of 29498 and 258.
86
What is the greatest common factor of 2248 and 196419?
281
Calculate the greatest common factor of 1426 and 5566.
46
Calculate the greatest common factor of 1323 and 23520.
147
What is the greatest common factor of 4 and 482252?
4
Calculate the greatest common factor of 402019 and 193.
193
Calculate the greatest common divisor of 358497 and 4392.
549
Calculate the greatest common factor of 19632 and 10128.
48
Calculate the highest common factor of 7116 and 28.
4
What is the highest common divisor of 5 and 44105?
5
Calculate the highest common divisor of 20536 and 952.
136
What is the highest common factor of 60250 and 130?
10
Calculate the greatest common factor of 116 and 63508.
4
What is the greatest common divisor of 414 and 4568?
2
Calculate the greatest common divisor of 800060 and 16148.
1468
What is the highest common divisor of 2974542 and 6?
6
What is the highest common divisor of 1325 and 116800?
25
Calculate the greatest common divisor of 8244 and 6.
6
What is the highest common divisor of 198 and 43846?
22
What is the greatest common divisor of 98900 and 25?
25
Calculate the highest common divisor of 21536 and 800.
32
What is the greatest common divisor of 11081 and 672?
7
What is the greatest common divisor of 3091 and 11?
11
What is the highest common divisor of 3167 and 9?
1
Calculate the greatest common divisor of 6 and 1359450.
6
Calculate the highest common factor of 78 and 384276.
6
What is the greatest common factor of 159 and 98792?
53
Calculate the greatest common factor of 485 and 32786.
97
What is the highest common factor of 11737 and 873?
97
Calculate the highest common factor of 2438212 and 56.
28
Calculate the highest common factor of 5908 and 577296.
844
What is the greatest common factor of 160 and 20768?
32
Calculate the highest common divisor of 148 and 52688.
148
What is the highest common factor of 1220 and 18320?
20
What is the highest common factor of 837 and 34884?
27
What is the greatest common divisor of 166 and 297472?
166
What is the greatest common factor of 58 and 267496?
58
Calculate the highest common factor of 2915 and 319.
11
What is the highest common divisor of 2013 and 4587?
33
Calculate the greatest common factor of 6291 and 549.
9
What is the greatest common divisor of 66 and 552?
6
Calculate the greatest common divisor of 35385 and 945.
105
What is the highest common divisor of 6 and 784650?
6
What is the highest common divisor of 3550 and 248074?
142
Calculate the highest common factor of 177 and 522.
3
Calculate the greatest common divisor of 3714 and 150.
6
Calculate the greatest common factor of 1013447 and 487.
487
What is the greatest common factor of 294 and 84966?
294
Calculate the highest common divisor of 621 and 2727.
27
Calculate the highest common divisor of 1008 and 230712.
24
What is the highest common factor of 366610 and 244?
122
Calculate the greatest common factor of 50860 and 40.
20
Calculate the greatest common divisor of 16872 and 132.
12
What is the highest common factor of 8515 and 57640?
655
Calculate the greatest common divisor of 99 and 257037.
33
What is the greatest common divisor of 77 and 3553473?
77
Calculate the greatest common divisor of 9276605 and 43.
43
What is the greatest common factor of 302220 and 460?
460
What is the highest common factor of 487840 and 80?
80
What is the highest common factor of 350 and 245350?
350
What is the greatest common divisor of 34060 and 380?
20
Calculate the greatest common factor of 121 and 51.
1
Calculate the highest common divisor of 6 and 117716.
2
What is the highest common divisor of 114448 and 184?
184
What is the highest common divisor of 296939 and 17?
17
Calculate the highest common divisor of 411091 and 93806.
2759
What is the greatest common divisor of 15980 and 8660?
20
Calculate the highest common factor of 3017121 and 427.
61
What is the greatest common factor of 70189 and 14?
7
What is the greatest common facto